+ 2*t = -19 - 24. Let z = 13 + -7. Suppose 5*y = z*y - c. List the prime factors of y.
7
Suppose -3*c + 5109 = 4*m, 4*m + 906 - 6000 = 2*c. What are the prime factors of m?
3, 5, 17
Let a(g) be the first derivative of g**2/2 + 11. List the prime factors of a(2).
2
Let k(l) = 15*l - 4. Let g be 4/((-12)/(-9)) - 1. List the prime factors of k(g).
2, 13
Suppose -30*z + 26477 = -19*z. What are the prime factors of z?
29, 83
Let m(i) = i**2 + 11*i + 12. Let b be m(-10). Let z(p) = -3*p**2 - 1 + b*p**2 + p + 12 + 12*p. What are the prime factors of z(13)?
11
Suppose -4*c + 4535 = j, 3*j - c = 2*j + 4520. What are the prime factors of j?
4523
Suppose -2*d = -t + 24, -5*d + 2*t + 0*t = 61. Let m(a) = -a**3 - 11*a**2 + 18*a + 11. What are the prime factors of m(d)?
5, 23
Let c(d) = -d**3 - 19*d**2 + 19*d - 12. Let o be c(-20). Suppose 1946 = 6*a + o*a. List the prime factors of a.
139
List the prime factors of (-19)/(-1) - (21 - 19).
17
Let r = -2674 - -3803. What are the prime factors of r?
1129
What are the prime factors of ((-4)/(-24) - 34/60)*-2690?
2, 269
List the prime factors of (-6 - -2)*1687/(-28).
241
Let v(t) = -35*t + 10. Let a(z) = -7*z + 2. Let r(l) = 11*a(l) - 2*v(l). List the prime factors of r(-8).
2, 29
Let k(t) = 2*t**3 - t**2 + 1. Let o be k(1). What are the prime factors of (8 + (3 - 12))*(-352)/o?
2, 11
List the prime factors of 333794/(-159)*(-3)/2.
47, 67
Let y = 22 - 19. List the prime factors of 1/y*2 + 1004/6.
2, 3, 7
Suppose -5*h = 2*p - 21, 8*p - 4*p - 21 = -3*h. What are the prime factors of p + (-4)/(4/(-2)) + 62?
67
Let b(x) = 56*x. Let u be b(-1). Let n = u - -98. Suppose -5*j + n = -4*t + t, 3*t - 21 = -2*j. List the prime factors of j.
3
Suppose -3*v + 120 = 2*v. Suppose 10*j - 30 = 12*j. Let y = j + v. What are the prime factors of y?
3
Suppose -51*u + 48*u = -9. Suppose 5*s = -m + 15 - 6, -u*m + 55 = s. List the prime factors of m.
19
Let f(y) = -y**3 - 2*y**2 + 3*y - 3. Let v be f(-3). What are the prime factors of v - -25*(0 + 2)?
47
Let f be 10*2*(-67)/(2 + -3). Suppose 0*w + 10*w = f. List the prime factors of w.
2, 67
Suppose 15534 + 3174 = 12*u. List the prime factors of u.
1559
Let w(v) = -66*v + 20. What are the prime factors of w(-4)?
2, 71
Let k(n) = n**2 - 1. Suppose 4*i = -31 + 91. Suppose 2*d = -3*d - i. List the prime factors of k(d).
2
Let b(d) = 3*d - 9. Let o(j) = j - 5. Let u(s) = -2*b(s) + 5*o(s). Let c be u(5). What are the prime factors of (c/14)/((-10)/210)?
2, 3
Suppose 23*b + 20568 = 35*b. List the prime factors of b.
2, 857
Let k(n) = -n - 12. Let j be k(-13). Let y = 44 + -27. Let z = j + y. What are the prime factors of z?
2, 3
Let y(o) = -5*o**2 + 30*o + 4. Let d be y(6). What are the prime factors of 1/((-6)/(-660)) + d?
2, 3, 19
Suppose 3*y + 2*p - 174 - 101 = 0, 97 = y - 2*p. Let m = y - 26. List the prime factors of m.
67
Suppose a = 7 + 11. What are the prime factors of (-12)/a*534/(-4)?
89
Let t = 7 + -4. Suppose t*y - 27 = -5*v - 6, 4*v = -y + 14. Let n = 23 - v. List the prime factors of n.
2, 5
Let c(w) = w**2 + 2*w - 3. Let x be c(1). Suppose -4*z + 2*h + 284 = x, -6*z + z + 345 = -5*h. List the prime factors of z.
73
Let b = 37 - 32. Suppose b*k + 5*l + 1 = -29, -2*k - 4*l = 22. What are the prime factors of (-54)/(3/2*k)?
2, 3
Let c = -40 - -84. Let t = c - 29. Suppose -1 = -i + t. List the prime factors of i.
2
Suppose -5*b = -30 + 10. Suppose 9 = 4*c - q, 5*c + 2*q + 9 = b*c. Let p(m) = 18*m. What are the prime factors of p(c)?
2, 3
Let d = -17 - -20. Suppose -2*c + 80 = d*c. List the prime factors of c.
2
Let r be 3 + 1 - (3 - (3 + 1)). Suppose -111 = -3*v - 3*k, r*v - 4*k - 150 + 1 = 0. What are the prime factors of v?
3, 11
Suppose 4*s = z + 66, -5*s - 4*z + 95 = z. Let q = s - 13. Suppose 0 = 2*r + q*i - 16, -1 = -5*i + 9. List the prime factors of r.
2
Suppose -5*m = 19 + 31. Suppose -3*x + 12 = x. What are the prime factors of x - (m + 3 + -4)?
2, 7
Let s(a) = a**3 - 3*a**2 - 12*a + 6. Let d be s(5). Let t(q) = -q**3 - 2*q**2 - q - 1. What are the prime factors of t(d)?
5, 7
Let i = -89 + 94. Suppose -3*r - 225 = 5*q - 700, 0 = -4*r - i*q + 635. What are the prime factors of r?
2, 5
Suppose 582 - 180 = 3*j. Let k(c) = 2*c**2 + 3*c + 2. Let w be k(-2). Suppose w*q - 90 - j = 0. List the prime factors of q.
2, 7
Suppose -9 = -11*w + 2*w. List the prime factors of (0 - 106)*w/(-2).
53
Let o = -121 - -105. Let h be (-1)/(-1*1/(-13)). Let x = h - o. What are the prime factors of x?
3
Suppose v - 1254 = 1878. Suppose v = l + 3*l. What are the prime factors of 8/(-28) - l/(-21)?
37
Suppose 0 = 3*b - 4*b + 131. Let t(a) = -a**3 + 2*a + 3. Let o be t(0). Suppose 3*x = -o*y + 2*y + b, 0 = 4*x + y - 175. List the prime factors of x.
2, 11
Let r(g) = -2*g**3 - 29*g**2 - 26*g + 4. What are the prime factors of r(-17)?
31, 61
Let o = -22 + 19. Let m(q) = -8*q + 1. What are the prime factors of m(o)?
5
Suppose t - 4 = -x, -t + 5*t + 2 = 5*x. List the prime factors of (34 - x) + 3 + -7.
2, 7
Suppose 15 = 5*x, -2*m + 4*x + 7780 = 2*m. List the prime factors of m.
2, 487
Let t be ((-1)/(-2))/(-1*(-1)/(-2)). List the prime factors of (-18)/6 - (-64 + t).
2, 31
List the prime factors of (3/(-12))/(-1 - 54604/(-54608)).
3413
Let a(d) = 24*d + 25. Let p = -3 + -7. Let t be a(p). List the prime factors of (-10)/(-35) + t/(-7).
31
Let c = 482 - 343. What are the prime factors of (-2)/((11 - 8) + c/(-46))?
2, 23
Let z(y) = 9*y**3 + 3*y**2 - y - 20. List the prime factors of z(5).
5, 47
List the prime factors of (-5)/((-20)/12)*(-728)/(-12).
2, 7, 13
Suppose 1668 = 50*c - 46*c. List the prime factors of c.
3, 139
Let f be 7/((-14)/(-4)) - -4. Suppose 0 = 3*i - q - f, -i + 2*q = 7*q - 2. Suppose v - 2*y - 18 = 0, 0 = -v + i*v - 5*y - 18. What are the prime factors of v?
2, 3
Suppose 5*l = 4*l + 4. Suppose -f - 1 = -2*y, 0 = l*y - 2*f + 3*f - 5. Suppose -15 = -6*p + 4*p + 3*g, 0 = -g - y. List the prime factors of p.
2, 3
List the prime factors of (15/(-20))/(5/20) - -57.
2, 3
Let p(h) = -h**3 - 5*h**2 + 9*h + 17. Let f be p(-6). Let u(c) = c**2 + 6*c + 3. Let i be u(-5). What are the prime factors of f + 3 + (-100)/i?
2, 13
Suppose -3*d - 4*a + 2749 = 0, 5*d - 4559 = 10*a - 11*a. List the prime factors of d.
911
List the prime factors of (-849)/(35/(-10) - -2).
2, 283
Let v(j) = j**3 - 14*j**2 + 21*j + 47. List the prime factors of v(12).
11
Suppose 1064 = 2*s + 4*j - 7*j, j + 534 = s. What are the prime factors of s?
2, 269
Let o(x) = x - 2. Let k be o(7). Suppose -k*l - 254 = -8*l - 2*a, -2*a = -l + 82. What are the prime factors of l?
2, 3, 7
Suppose 0 = -14*z + 29866 + 4938. List the prime factors of z.
2, 11, 113
Let c = -1123 + 2101. What are the prime factors of c?
2, 3, 163
Let d(m) = 5*m**2 - 4*m - 3. What are the prime factors of d(12)?
3, 223
Suppose 2*o - 70 = 4. Suppose o = -5*p - 33. Let t = p - -31. List the prime factors of t.
17
Let p be 8/6*(-9)/(-3). Suppose -p - 41 = 5*m. Let h = -2 - m. What are the prime factors of h?
7
Let n be ((-5)/4)/(4/(-16)). Suppose g = 19 + n. Let t = g + -12. List the prime factors of t.
2, 3
Let w(a) = -1010*a - 18. List the prime factors of w(-1).
2, 31
Suppose -6325 = -6*k + 5303. What are the prime factors of k?
2, 3, 17, 19
Suppose 4*x - 3271 + 563 = -3*t, 0 = -3*x - t + 2036. List the prime factors of x.
2, 5, 17
Suppose -3*b - 2*g + 21 = -0*b, 0 = 4*b - g - 17. Let w(l) = -2*l**2 - 3*l + 2. Let s be w(b). Let o = s + 116. List the prime factors of o.
53
Let s(n) = -30*n + 17. Let i be s(-15). Suppose 0 = 5*m - 78 - i. List the prime factors of m.
109
Let p = -9 + 11. Suppose -4*y + 3*m = -5*y + p, 5*y + 3*m - 34 = 0. Suppose 3*c + 5*k - 27 = -0*c, 2*k = -c + y. What are the prime factors of c?
2, 7
Let a be 0 + (-3 - -4 - 1). Suppose -29 = x - a*x. Let g = 1 - x. List the prime factors of g.
2, 3, 5
Suppose 5*f + 5*m = 3*f + 497, 4*m = -4*f + 1024. What are the prime factors of f?
3, 29
Let m(r) = -r**3 + 13*r**2 + 15*r - 9. Let v be m(14). List the prime factors of 1/v + 2/(-5)*-47.
19
Suppose 3*a = -3*t, 2*t - t = -3*a. Suppose t = -2*r + 3*x + 77, -3*r = -6*r - 5*x + 163. What are the prime factors of r?
2, 23
Let n = -29 - -20. Let x(y) = -y + 6. Let m be x(n). List the prime factors of 6/(36/m + -2).
3, 5
Let c(x) = x**3 + 49*x**2 